{"id":8,"date":"2014-09-05T06:48:50","date_gmt":"2014-09-05T12:48:50","guid":{"rendered":"http:\/\/inf.ibiruba.ifrs.edu.br\/?page_id=8"},"modified":"2024-09-17T19:59:49","modified_gmt":"2024-09-17T22:59:49","slug":"ciencia-da-computacao","status":"publish","type":"page","link":"https:\/\/inf.ibiruba.ifrs.edu.br\/index.php\/ciencia-da-computacao\/","title":{"rendered":"Ci\u00eancia da Computa\u00e7\u00e3o"},"content":{"rendered":"<p>O principal objetivo do curso de Bacharelado em Ci\u00eancia da Computa\u00e7\u00e3o do Instituto Federal de Educa\u00e7\u00e3o, Ci\u00eancia e Tecnologia do Rio Grande do Sul &#8211; C\u00e2mpus Ibirub\u00e1 \u00e9 proporcionar a forma\u00e7\u00e3o de profissionais capazes de compreender o processo de constru\u00e7\u00e3o do conhecimento cient\u00edfico e tecnol\u00f3gico da Computa\u00e7\u00e3o, buscando inova\u00e7\u00e3o e evolu\u00e7\u00e3o tecnol\u00f3gicas orientada pela a\u00e7\u00e3o na sociedade em geral e no mundo do trabalho, conscientes da busca de solu\u00e7\u00f5es para a melhoria da qualidade de vida das popula\u00e7\u00f5es, de acordo com princ\u00edpios \u00e9ticos, humanos, sociais e ambientais.<\/p>\n<p>Coordenadora: Fernanda Pinto Mota (computacao@ibiruba.ifrs.edu.br)<\/p>\n<p>C\u00f3digo do curso no Minist\u00e9rio da Educa\u00e7\u00e3o:\u00a0<span style=\"color: #222222;\">1327439<\/span><\/p>\n<p>Turno de funcionamento: Noturno<\/p>\n<p>N\u00ba de vagas: 30<\/p>\n<p>Periodicidade de oferta: anual<\/p>\n<p>Carga hor\u00e1ria total: 3204 horas<\/p>\n<p><strong>Curso reconhecido pelo Minist\u00e9rio da Educa\u00e7\u00e3o com conceito 5, nota m\u00e1xima em qualidade. Avalia\u00e7\u00e3o realizada em mar\u00e7o de 2019.<\/strong><\/p>\n<p><a href=\"http:\/\/inf.ibiruba.ifrs.edu.br\/wp-content\/uploads\/2014\/09\/flyer.jpg\"><img loading=\"lazy\" decoding=\"async\" class=\"size-full wp-image-737 aligncenter\" src=\"http:\/\/inf.ibiruba.ifrs.edu.br\/wp-content\/uploads\/2014\/09\/flyer.jpg\" alt=\"Ci\u00eancia da Computa\u00e7\u00e3o - IFRS - Ibirub\u00e1\" width=\"620\" height=\"887\" srcset=\"https:\/\/inf.ibiruba.ifrs.edu.br\/wp-content\/uploads\/2014\/09\/flyer.jpg 620w, https:\/\/inf.ibiruba.ifrs.edu.br\/wp-content\/uploads\/2014\/09\/flyer-209x300.jpg 209w\" sizes=\"auto, (max-width: 620px) 100vw, 620px\" \/><\/a><\/p>\n","protected":false},"excerpt":{"rendered":"<p>O principal objetivo do curso de Bacharelado em Ci\u00eancia da Computa\u00e7\u00e3o do Instituto Federal de Educa\u00e7\u00e3o, Ci\u00eancia e Tecnologia do Rio Grande do Sul &#8211; C\u00e2mpus Ibirub\u00e1 \u00e9 proporcionar a forma\u00e7\u00e3o de profissionais capazes de compreender o processo de constru\u00e7\u00e3o do conhecimento cient\u00edfico e tecnol\u00f3gico da Computa\u00e7\u00e3o, buscando inova\u00e7\u00e3o e evolu\u00e7\u00e3o tecnol\u00f3gicas orientada pela a\u00e7\u00e3o [&hellip;]<\/p>\n","protected":false},"author":1,"featured_media":737,"parent":0,"menu_order":0,"comment_status":"closed","ping_status":"closed","template":"","meta":{"footnotes":""},"class_list":["post-8","page","type-page","status-publish","has-post-thumbnail","hentry"],"_links":{"self":[{"href":"https:\/\/inf.ibiruba.ifrs.edu.br\/index.php\/wp-json\/wp\/v2\/pages\/8","targetHints":{"allow":["GET"]}}],"collection":[{"href":"https:\/\/inf.ibiruba.ifrs.edu.br\/index.php\/wp-json\/wp\/v2\/pages"}],"about":[{"href":"https:\/\/inf.ibiruba.ifrs.edu.br\/index.php\/wp-json\/wp\/v2\/types\/page"}],"author":[{"embeddable":true,"href":"https:\/\/inf.ibiruba.ifrs.edu.br\/index.php\/wp-json\/wp\/v2\/users\/1"}],"replies":[{"embeddable":true,"href":"https:\/\/inf.ibiruba.ifrs.edu.br\/index.php\/wp-json\/wp\/v2\/comments?post=8"}],"version-history":[{"count":11,"href":"https:\/\/inf.ibiruba.ifrs.edu.br\/index.php\/wp-json\/wp\/v2\/pages\/8\/revisions"}],"predecessor-version":[{"id":3448,"href":"https:\/\/inf.ibiruba.ifrs.edu.br\/index.php\/wp-json\/wp\/v2\/pages\/8\/revisions\/3448"}],"wp:featuredmedia":[{"embeddable":true,"href":"https:\/\/inf.ibiruba.ifrs.edu.br\/index.php\/wp-json\/wp\/v2\/media\/737"}],"wp:attachment":[{"href":"https:\/\/inf.ibiruba.ifrs.edu.br\/index.php\/wp-json\/wp\/v2\/media?parent=8"}],"curies":[{"name":"wp","href":"https:\/\/api.w.org\/{rel}","templated":true}]}}