{"id":38,"date":"2014-09-05T07:38:15","date_gmt":"2014-09-05T13:38:15","guid":{"rendered":"http:\/\/inf.ibiruba.ifrs.edu.br\/?page_id=38"},"modified":"2024-10-25T09:51:32","modified_gmt":"2024-10-25T12:51:32","slug":"documentos","status":"publish","type":"page","link":"https:\/\/inf.ibiruba.ifrs.edu.br\/index.php\/documentos\/","title":{"rendered":"Documentos Legais"},"content":{"rendered":"<hr \/>\n<h2 style=\"text-align: left;\"><strong>Ci\u00eancia da Computa\u00e7\u00e3o<\/strong><\/h2>\n<h3><span style=\"color: #ffffff;\">.<\/span><\/h3>\n<h3 style=\"text-align: left;\">Documentos Legais de Cria\u00e7\u00e3o do Curso<\/h3>\n<p><a href=\"http:\/\/inf.ibiruba.ifrs.edu.br\/wp-content\/uploads\/2014\/09\/Parecer-CNE-CES-n136-2012.pdf\">Parecer CNE-CES n136 -2012<\/a><\/p>\n<p><a href=\"http:\/\/inf.ibiruba.ifrs.edu.br\/wp-content\/uploads\/2018\/06\/Resolucao-CNE-CES-n5-de-nov-2016.pdf\">Resolu\u00e7\u00e3o CNE-CES n5 de nov-2016<\/a><\/p>\n<p>&#8212;- PPC 2015 &#8211; 2018<\/p>\n<p><a href=\"http:\/\/inf.ibiruba.ifrs.edu.br\/wp-content\/uploads\/2014\/09\/ad_referendum.pdf\">Aprova\u00e7\u00e3o do Curso ad referendum<\/a><\/p>\n<p><a href=\"http:\/\/inf.ibiruba.ifrs.edu.br\/wp-content\/uploads\/2018\/06\/Ata-de-aprovacao-Consup.pdf\">Ata de aprova\u00e7\u00e3o &#8211; Conselho Superior IFRS<\/a><\/p>\n<p><a href=\"http:\/\/inf.ibiruba.ifrs.edu.br\/wp-content\/uploads\/2018\/09\/2015322171314654resolucao_25_15_aprova_ad_referendum_ppc_ciencia_da_computacao_ibiruba.pdf\">Resolu\u00e7\u00e3o de aprova\u00e7\u00e3o do PPC 2015<\/a><\/p>\n<p><a href=\"http:\/\/inf.ibiruba.ifrs.edu.br\/wp-content\/uploads\/2018\/06\/Matriz_curricular_2015.pdf\">Matriz Curricular 2015- Ci\u00eancia da Computa\u00e7\u00e3o<\/a><\/p>\n<p><a href=\"http:\/\/inf.ibiruba.ifrs.edu.br\/wp-content\/uploads\/2018\/06\/PPC-CC-2015.docx\">PPC &#8211; Ci\u00eancia da Computa\u00e7\u00e3o 2015 &#8211; IFRS &#8211; Ibirub\u00e1 &#8211; RS<\/a><\/p>\n<p>&#8212;- PPC 2019<\/p>\n<p><strong><span style=\"color: #ff0000;\">(NEW)<\/span><\/strong> <a href=\"http:\/\/inf.ibiruba.ifrs.edu.br\/wp-content\/uploads\/2018\/09\/Resolu\u00e7\u00e3o-de-aprova\u00e7\u00e3o-das-altera\u00e7\u00f5es.pdf\">Resolu\u00e7\u00e3o de aprova\u00e7\u00e3o do PPC 2019<\/a><\/p>\n<p><span style=\"color: #ff0000;\"><strong>(NEW)<\/strong><\/span> <a href=\"http:\/\/inf.ibiruba.ifrs.edu.br\/wp-content\/uploads\/2018\/08\/Matriz-Curricular-Ci\u00eancia-da-Computa\u00e7\u00e3o-2019.pdf\">Matriz Curricular 2019 &#8211; Ci\u00eancia da Computa\u00e7\u00e3o<\/a><\/p>\n<p><span style=\"color: #ff0000;\"><strong>(NEW) <\/strong><\/span><a href=\"http:\/\/inf.ibiruba.ifrs.edu.br\/wp-content\/uploads\/2018\/08\/PPC-Vers\u00e3o-4.pdf\">PPC &#8211; Ci\u00eancia da Computa\u00e7\u00e3o 2019 &#8211; IFRS &#8211; Ibirub\u00e1 &#8211; RS<\/a><\/p>\n<p><span style=\"color: #ff0000;\"><strong>(NEW) <\/strong><\/span><a href=\"http:\/\/inf.ibiruba.ifrs.edu.br\/wp-content\/uploads\/2018\/12\/EQUIVAL\u00caNCIAS-DA-MATRIZ-2019-E-2015.pdf\">Equival\u00eancia da matriz 2019\/1 e 2015\/2<\/a><\/p>\n<h3><span style=\"color: #ffffff;\">.<\/span><\/h3>\n<h3>N\u00facleo Docente Estruturante<\/h3>\n<p><strong><span style=\"color: #ff0000;\">(NEW)<\/span><\/strong> <a href=\"http:\/\/inf.ibiruba.ifrs.edu.br\/wp-content\/uploads\/2018\/09\/Regulamento-N\u00facleo-Docente-Estruturante-ATUAL.pdf\">Regulamento do N\u00facleo Docente Estruturante &#8211; IFRS &#8211; Ibirub\u00e1<\/a><\/p>\n<p><a href=\"http:\/\/inf.ibiruba.ifrs.edu.br\/wp-content\/uploads\/2018\/06\/Portaria-NDE-1.pdf\">Portaria NDE Ci\u00eancia Computa\u00e7\u00e3o &#8211; 1<\/a><\/p>\n<p><a href=\"http:\/\/inf.ibiruba.ifrs.edu.br\/wp-content\/uploads\/2018\/06\/Portaria-NDE-2.pdf\">portaria NDE Ci\u00eancia Computa\u00e7\u00e3o &#8211; 2\u00a0<\/a><\/p>\n<p><a href=\"http:\/\/inf.ibiruba.ifrs.edu.br\/wp-content\/uploads\/2018\/06\/Portaria-NDE-3.pdf\">Portaria NDE Ci\u00eancia da Computa\u00e7\u00e3o &#8211; 3<\/a><\/p>\n<p><a href=\"http:\/\/inf.ibiruba.ifrs.edu.br\/wp-content\/uploads\/2018\/06\/Portaria-NDE-4.pdf\">Portaria NDE Ci\u00eancia da Computa\u00e7\u00e3o &#8211; 4<\/a><\/p>\n<p><a href=\"http:\/\/inf.ibiruba.ifrs.edu.br\/wp-content\/uploads\/2019\/04\/Portaria-NDE-5.pdf\">Portaria NDE Ci\u00eancia da Computa\u00e7\u00e3o &#8211; 5<\/a><\/p>\n<p><a href=\"http:\/\/inf.ibiruba.ifrs.edu.br\/wp-content\/uploads\/2020\/09\/portaria-NDE-6.pdf\">Portaria NDE Ci\u00eancia da Computa\u00e7\u00e3o &#8211; 6 (Atualizada)<\/a><\/p>\n<h3><span style=\"color: #ffffff;\">.<\/span><\/h3>\n<h3>Colegiado de Curso<\/h3>\n<p><strong><span style=\"color: #ff0000;\">(NEW)<\/span><\/strong> <a href=\"http:\/\/inf.ibiruba.ifrs.edu.br\/wp-content\/uploads\/2018\/09\/RESOLU\u00c7\u00c3O-COLEGIADO-DOS-CURSOS-SUPERIORES-ATUAL.pdf\">Regulamento do Colegiado de Curso &#8211; IFRS &#8211; Ibirub\u00e1<\/a><\/p>\n<p><a href=\"http:\/\/inf.ibiruba.ifrs.edu.br\/wp-content\/uploads\/2018\/06\/Port.Colegiado-superior-Ciencia-da-Comp.-1-1.pdf\">Portaria Colegiado Ci\u00eancia da Computa\u00e7\u00e3o &#8211; 1<\/a><\/p>\n<p><a href=\"http:\/\/inf.ibiruba.ifrs.edu.br\/wp-content\/uploads\/2018\/06\/Port.Colegiado-superior-Ciencia-da-Comp.-2-1.pdf\">Portaria Colegiado Ci\u00eancia da Computa\u00e7\u00e3o &#8211; 2<\/a><\/p>\n<p><a href=\"http:\/\/inf.ibiruba.ifrs.edu.br\/wp-content\/uploads\/2018\/06\/Port.Colegiado-superior-Ciencia-da-Comp.-3-1.pdf\">Portaria Colegiado Ci\u00eancia da Computa\u00e7\u00e3o &#8211; 3<\/a><\/p>\n<p><a href=\"http:\/\/inf.ibiruba.ifrs.edu.br\/wp-content\/uploads\/2018\/06\/Port.Colegiado-superior-Ciencia-da-Comp.-4-1.pdf\">Portaria Colegiado Ci\u00eancia da Computa\u00e7\u00e3o &#8211; 4<\/a><\/p>\n<p><a href=\"http:\/\/inf.ibiruba.ifrs.edu.br\/wp-content\/uploads\/2019\/03\/Port.Colegiado-superior-Ci\u00eancia-da-Comp.-5.pdf\">Portaria Colegiado Ci\u00eancia da Computa\u00e7\u00e3o &#8211; 5<\/a><\/p>\n<p><a href=\"http:\/\/inf.ibiruba.ifrs.edu.br\/wp-content\/uploads\/2020\/09\/Port.Colegiado-superior-Cie\u0302ncia-da-Comp.-6.pdf\">Portaria Colegiado Ci\u00eancia da Computa\u00e7\u00e3o &#8211; 6 (Atualizada)<\/a><\/p>\n<h3><span style=\"color: #ffffff;\">.<\/span><\/h3>\n<h3>Coordena\u00e7\u00e3o de Curso<\/h3>\n<p><a href=\"http:\/\/inf.ibiruba.ifrs.edu.br\/wp-content\/uploads\/2018\/10\/atribuicoes_coordenador.pdf\">Resolu\u00e7\u00e3o sobre atribui\u00e7\u00f5es do coordenador de curso<\/a><\/p>\n<p><a href=\"http:\/\/inf.ibiruba.ifrs.edu.br\/wp-content\/uploads\/2018\/10\/Portaria-Coordenador.pdf\">Portaria que designa o coordenador<\/a><\/p>\n<p><span style=\"color: #ffffff;\">.<\/span><\/p>\n<h3>Diret\u00f3rio Acad\u00eamico<\/h3>\n<p><a href=\"http:\/\/inf.ibiruba.ifrs.edu.br\/wp-content\/uploads\/2014\/09\/EleicaoDA2016.pdf\">Resultado Elei\u00e7\u00f5es Diret\u00f3rio Acad\u00eamico Ci\u00eancia da Computa\u00e7\u00e3o<\/a><\/p>\n<h3><span style=\"color: #ffffff;\">.<\/span><\/h3>\n<h3>Organiza\u00e7\u00e3o Did\u00e1tica do IFRS<\/h3>\n<p><a href=\"https:\/\/ifrs.edu.br\/ensino\/documentos\/organizacao-didatica\/\">Organiza\u00e7\u00e3o Did\u00e1tica do IFRS<\/a><\/p>\n<h3><span style=\"color: #ffffff;\">.<\/span><\/h3>\n<h3>Regulamentos de Laborat\u00f3rios<\/h3>\n<p><a href=\"http:\/\/inf.ibiruba.ifrs.edu.br\/wp-content\/uploads\/2014\/09\/Regulamento-Laboratorio-RedesHardware-e-Circuitos.pdf\">Regulamento Laboratorios \u00e1rea de Computa\u00e7\u00e3o<\/a><\/p>\n<p><a href=\"http:\/\/inf.ibiruba.ifrs.edu.br\/wp-content\/uploads\/2014\/09\/2017111416363312resolucao_32-2017.pdf\">Resolu\u00e7\u00e3o de Aprova\u00e7\u00e3o dos Regulamentos de Laborat\u00f3rios de Computa\u00e7\u00e3o, Atividades Curriculares Complementares, Trabalho de Conclus\u00e3o de Curso<\/a><\/p>\n<p><a href=\"http:\/\/inf.ibiruba.ifrs.edu.br\/wp-content\/uploads\/2018\/06\/Reg-Lab_Info.pdf\">Regulamento de Laborat\u00f3rios de Inform\u00e1tica<\/a><\/p>\n<p><a href=\"http:\/\/inf.ibiruba.ifrs.edu.br\/wp-content\/uploads\/2018\/06\/Res-Lab-Info.pdf\">Resolu\u00e7\u00e3o que aprova o Regulamento de uso dos laborat\u00f3rios de Inform\u00e1tica<\/a><\/p>\n<h3><span style=\"color: #ffffff;\">.<\/span><\/h3>\n<h3>Regulamento de Atividades Curriculares Complementares<\/h3>\n<p><a href=\"http:\/\/inf.ibiruba.ifrs.edu.br\/wp-content\/uploads\/2018\/06\/Reg-ACC.pdf\">Regulamento das Atividades Curriculares Complementares do Curso de Gradua\u00e7\u00e3o em Ci\u00eancia da Computa\u00e7\u00e3o<\/a><\/p>\n<p><a href=\"http:\/\/inf.ibiruba.ifrs.edu.br\/wp-content\/uploads\/2014\/09\/2017111416363312resolucao_32-2017.pdf\">Resolu\u00e7\u00e3o de Aprova\u00e7\u00e3o dos Regulamentos de Laborat\u00f3rios de Computa\u00e7\u00e3o, Atividades Curriculares Complementares, Trabalho de Conclus\u00e3o de Curso<\/a><\/p>\n<p><a href=\"http:\/\/inf.ibiruba.ifrs.edu.br\/wp-content\/uploads\/2019\/05\/Anexos-editaveis.docx\">Anexos edit\u00e1veis .docx<\/a><\/p>\n<p><a href=\"http:\/\/inf.ibiruba.ifrs.edu.br\/wp-content\/uploads\/2019\/05\/Planilha-de-c\u00e1lculo-de-ACC.xlsx\">Planilha de c\u00e1lculo de ACC<\/a><\/p>\n<h3><span style=\"color: #ffffff;\">.<\/span><\/h3>\n<h3>Regulamento de Trabalho de Conclus\u00e3o de Curso<\/h3>\n<p><a href=\"http:\/\/inf.ibiruba.ifrs.edu.br\/wp-content\/uploads\/2018\/06\/Reg-TCC.pdf\">Regulamento de Trabalho de Conclus\u00e3o de Curso do Curso de Gradua\u00e7\u00e3o em Ci\u00eancia da Computa\u00e7\u00e3o<\/a><\/p>\n<p><a href=\"http:\/\/inf.ibiruba.ifrs.edu.br\/wp-content\/uploads\/2014\/09\/2017111416363312resolucao_32-2017.pdf\">Resolu\u00e7\u00e3o de Aprova\u00e7\u00e3o dos Regulamentos de Laborat\u00f3rios de Computa\u00e7\u00e3o, Atividades Curriculares Complementares, Trabalho de Conclus\u00e3o de Curso<\/a><\/p>\n<h3><span style=\"color: #ffffff;\">.<\/span><\/h3>\n<h3>Resultados da Avalia\u00e7\u00e3o do Curso pela Comiss\u00e3o Pr\u00f3pria de Avalia\u00e7\u00e3o Institucional (CPA)<\/h3>\n<p><a href=\"http:\/\/inf.ibiruba.ifrs.edu.br\/wp-content\/uploads\/2018\/09\/CPA-CC-2017.zip\">Relat\u00f3rio CPA &#8211; Ci\u00eancia da Computa\u00e7\u00e3o &#8211; 2017<\/a><\/p>\n<p><a href=\"http:\/\/inf.ibiruba.ifrs.edu.br\/wp-content\/uploads\/2018\/09\/CPA-CC-2016.zip\">Relat\u00f3rio CPA &#8211; Ci\u00eancia da Computa\u00e7\u00e3o &#8211; 2016<\/a><\/p>\n<p><a href=\"http:\/\/inf.ibiruba.ifrs.edu.br\/wp-content\/uploads\/2018\/09\/CPA-CC-2015.zip\">Relat\u00f3rio CPA &#8211; Ci\u00eancia da Computa\u00e7\u00e3o &#8211; 2015<\/a><\/p>\n<h3><span style=\"color: #ffffff;\">.<\/span><\/h3>\n<h3>Logo do Curso e do IFRS<\/h3>\n<p><a href=\"http:\/\/inf.ibiruba.ifrs.edu.br\/wp-content\/uploads\/2018\/08\/logoazul.png\">Logo Ci\u00eancia da Computa\u00e7\u00e3o &#8211; png<\/a><\/p>\n<p><a href=\"http:\/\/inf.ibiruba.ifrs.edu.br\/wp-content\/uploads\/2018\/08\/logoazul.ai_.zip\">Logo Ci\u00eancia da Computa\u00e7\u00e3o &#8211; <span class=\"st\">Adobe Illustrator<\/span><\/a><\/p>\n<p><a href=\"http:\/\/inf.ibiruba.ifrs.edu.br\/wp-content\/uploads\/2018\/08\/logo-ifrs-ibiruba.zip\">Logo IFRS &#8211; ibirub\u00e1 (diversos formatos) &#8211; zip<\/a><\/p>\n<h3><span style=\"color: #ffffff;\">.<\/span><\/h3>\n<hr \/>\n<h2><\/h2>\n<h2 style=\"text-align: left;\"><strong>T\u00e9cnico Integrado em Inform\u00e1tica<\/strong><\/h2>\n<h2><strong>Progeto Pedag\u00f3gico do Curso (PPC)<\/strong><\/h2>\n<p><a href=\"http:\/\/inf.ibiruba.ifrs.edu.br\/wp-content\/uploads\/2018\/06\/PPC-Integrado-2016.pdf\">PPC &#8211; T\u00e9cnico Integrado em Inform\u00e1tica &#8211; 2016<\/a><\/p>\n<p><a href=\"http:\/\/inf.ibiruba.ifrs.edu.br\/wp-content\/uploads\/2018\/06\/PPC-integrado-2017.pdf\">PPC &#8211; T\u00e9cnico Integrado em Inform\u00e1tica &#8211; 2017<\/a><\/p>\n<p><a href=\"http:\/\/inf.ibiruba.ifrs.edu.br\/wp-content\/uploads\/2019\/02\/Projeto-Pedag\u00f3gico-do-Curso.pdf\">PPC &#8211; T\u00e9cnico Integrado em Inform\u00e1tica &#8211; 2019<\/a><\/p>\n<h2><strong>Coordenador de Curso T\u00e9cnico em Inform\u00e1tica<\/strong><\/h2>\n<p><span style=\"color: #ff0000;\"><strong>(New)<\/strong><\/span> <a href=\"https:\/\/boletim.sigepe.gov.br\/publicacao\/detalhar\/245777\">Portaria Coordenador de Curso &#8211; 2024<\/a><\/p>\n<h2><strong>Colegiado do Curso T\u00e9cnico em Inform\u00e1tica<\/strong><\/h2>\n<p><strong><span style=\"color: #ff0000;\">(New)<\/span><\/strong> <a href=\"https:\/\/boletim.sigepe.gov.br\/publicacao\/detalhar\/305180\">Colegiado do Curso T\u00e9cnico em Inform\u00e1tica &#8211; 2024<\/a><\/p>\n<p><span style=\"color: #ffffff;\">.<\/span><\/p>\n<h2><strong>Logo T\u00e9cnico Inform\u00e1tica<\/strong><\/h2>\n<p><a href=\"http:\/\/inf.ibiruba.ifrs.edu.br\/wp-content\/uploads\/2018\/08\/logo-tec-info.png\">Logo T\u00e9c. Inform\u00e1tica &#8211; png<\/a><\/p>\n<p><a href=\"http:\/\/inf.ibiruba.ifrs.edu.br\/wp-content\/uploads\/2018\/08\/logo-tec-info.png\">Logo T\u00e9c. Inform\u00e1tica &#8211; Adobe Illustrator<\/a><\/p>\n","protected":false},"excerpt":{"rendered":"<p>Ci\u00eancia da Computa\u00e7\u00e3o . Documentos Legais de Cria\u00e7\u00e3o do Curso Parecer CNE-CES n136 -2012 Resolu\u00e7\u00e3o CNE-CES n5 de nov-2016 &#8212;- PPC 2015 &#8211; 2018 Aprova\u00e7\u00e3o do Curso ad referendum Ata de aprova\u00e7\u00e3o &#8211; Conselho Superior IFRS Resolu\u00e7\u00e3o de aprova\u00e7\u00e3o do PPC 2015 Matriz Curricular 2015- Ci\u00eancia da Computa\u00e7\u00e3o PPC &#8211; Ci\u00eancia da Computa\u00e7\u00e3o 2015 &#8211; [&hellip;]<\/p>\n","protected":false},"author":1,"featured_media":0,"parent":0,"menu_order":4,"comment_status":"closed","ping_status":"closed","template":"","meta":{"footnotes":""},"class_list":["post-38","page","type-page","status-publish","hentry"],"_links":{"self":[{"href":"https:\/\/inf.ibiruba.ifrs.edu.br\/index.php\/wp-json\/wp\/v2\/pages\/38","targetHints":{"allow":["GET"]}}],"collection":[{"href":"https:\/\/inf.ibiruba.ifrs.edu.br\/index.php\/wp-json\/wp\/v2\/pages"}],"about":[{"href":"https:\/\/inf.ibiruba.ifrs.edu.br\/index.php\/wp-json\/wp\/v2\/types\/page"}],"author":[{"embeddable":true,"href":"https:\/\/inf.ibiruba.ifrs.edu.br\/index.php\/wp-json\/wp\/v2\/users\/1"}],"replies":[{"embeddable":true,"href":"https:\/\/inf.ibiruba.ifrs.edu.br\/index.php\/wp-json\/wp\/v2\/comments?post=38"}],"version-history":[{"count":94,"href":"https:\/\/inf.ibiruba.ifrs.edu.br\/index.php\/wp-json\/wp\/v2\/pages\/38\/revisions"}],"predecessor-version":[{"id":3564,"href":"https:\/\/inf.ibiruba.ifrs.edu.br\/index.php\/wp-json\/wp\/v2\/pages\/38\/revisions\/3564"}],"wp:attachment":[{"href":"https:\/\/inf.ibiruba.ifrs.edu.br\/index.php\/wp-json\/wp\/v2\/media?parent=38"}],"curies":[{"name":"wp","href":"https:\/\/api.w.org\/{rel}","templated":true}]}}