{"id":16,"date":"2014-09-05T07:01:48","date_gmt":"2014-09-05T13:01:48","guid":{"rendered":"http:\/\/inf.ibiruba.ifrs.edu.br\/?page_id=16"},"modified":"2024-09-17T20:18:47","modified_gmt":"2024-09-17T23:18:47","slug":"contato","status":"publish","type":"page","link":"https:\/\/inf.ibiruba.ifrs.edu.br\/index.php\/contato\/","title":{"rendered":"Contato"},"content":{"rendered":"<p><strong>Endere\u00e7o:<\/strong><\/p>\n<p>Instituto Federal de Educa\u00e7\u00e3o, Ci\u00eancia e Tecnologia do Rio Grande do Sul &#8211; C\u00e2mpus Ibirub\u00e1<br \/>\nRua Nelsi Ribas Fritsch, 1111 | Bairro Esperan\u00e7a | CEP: 98200-000 | Ibirub\u00e1\/RS<\/p>\n<p><strong>E-mail:<\/strong><\/p>\n<p>comunicacao@ibiruba.ifrs.edu.br<\/p>\n<p><strong>Telefone:<\/strong><\/p>\n<p>(54) 3324-8100<\/p>\n<p><strong>Coordena\u00e7\u00e3o do curso T\u00e9cnico em Inform\u00e1tica:<\/strong><\/p>\n<p>Prof. Tiago Rios da Rocha<br \/>\ne-mail: tiago.rios@ibiruba.ifrs.edu.br, coordenacao.integradoinformatica@ibiruba.ifrs.edu.br<br \/>\nTelefone: (54) 3324-8121<\/p>\n<p><strong>Coordena\u00e7\u00e3o do curso Ci\u00eancia da Computa\u00e7\u00e3o:<\/strong><\/p>\n<p>Profa. Fernanda Pinto Mota<br \/>\ne-mail: fernanda.mota@ibiruba.ifrs.edu.br, computacao@ibiruba.ifrs.edu.br<br \/>\nTelefone: (54) 3324-8121<\/p>\n<p><iframe loading=\"lazy\" src=\"https:\/\/www.google.com\/maps\/embed?pb=!1m14!1m12!1m3!1d1778.0271378346142!2d-53.102642359693974!3d-28.64936447578656!2m3!1f0!2f0!3f0!3m2!1i1024!2i768!4f13.1!5e1!3m2!1spt-BR!2sbr!4v1409923723974\" width=\"600\" height=\"450\" frameborder=\"0\"><\/iframe><\/p>\n","protected":false},"excerpt":{"rendered":"<p>Endere\u00e7o: Instituto Federal de Educa\u00e7\u00e3o, Ci\u00eancia e Tecnologia do Rio Grande do Sul &#8211; C\u00e2mpus Ibirub\u00e1 Rua Nelsi Ribas Fritsch, 1111 | Bairro Esperan\u00e7a | CEP: 98200-000 | Ibirub\u00e1\/RS E-mail: comunicacao@ibiruba.ifrs.edu.br Telefone: (54) 3324-8100 Coordena\u00e7\u00e3o do curso T\u00e9cnico em Inform\u00e1tica: Prof. Tiago Rios da Rocha e-mail: tiago.rios@ibiruba.ifrs.edu.br, coordenacao.integradoinformatica@ibiruba.ifrs.edu.br Telefone: (54) 3324-8121 Coordena\u00e7\u00e3o do curso Ci\u00eancia [&hellip;]<\/p>\n","protected":false},"author":1,"featured_media":0,"parent":0,"menu_order":12,"comment_status":"closed","ping_status":"closed","template":"","meta":{"footnotes":""},"class_list":["post-16","page","type-page","status-publish","hentry"],"_links":{"self":[{"href":"https:\/\/inf.ibiruba.ifrs.edu.br\/index.php\/wp-json\/wp\/v2\/pages\/16","targetHints":{"allow":["GET"]}}],"collection":[{"href":"https:\/\/inf.ibiruba.ifrs.edu.br\/index.php\/wp-json\/wp\/v2\/pages"}],"about":[{"href":"https:\/\/inf.ibiruba.ifrs.edu.br\/index.php\/wp-json\/wp\/v2\/types\/page"}],"author":[{"embeddable":true,"href":"https:\/\/inf.ibiruba.ifrs.edu.br\/index.php\/wp-json\/wp\/v2\/users\/1"}],"replies":[{"embeddable":true,"href":"https:\/\/inf.ibiruba.ifrs.edu.br\/index.php\/wp-json\/wp\/v2\/comments?post=16"}],"version-history":[{"count":15,"href":"https:\/\/inf.ibiruba.ifrs.edu.br\/index.php\/wp-json\/wp\/v2\/pages\/16\/revisions"}],"predecessor-version":[{"id":3453,"href":"https:\/\/inf.ibiruba.ifrs.edu.br\/index.php\/wp-json\/wp\/v2\/pages\/16\/revisions\/3453"}],"wp:attachment":[{"href":"https:\/\/inf.ibiruba.ifrs.edu.br\/index.php\/wp-json\/wp\/v2\/media?parent=16"}],"curies":[{"name":"wp","href":"https:\/\/api.w.org\/{rel}","templated":true}]}}