{"id":10,"date":"2014-09-05T07:00:18","date_gmt":"2014-09-05T13:00:18","guid":{"rendered":"http:\/\/inf.ibiruba.ifrs.edu.br\/?page_id=10"},"modified":"2024-10-31T17:09:46","modified_gmt":"2024-10-31T20:09:46","slug":"docentes","status":"publish","type":"page","link":"https:\/\/inf.ibiruba.ifrs.edu.br\/index.php\/docentes\/","title":{"rendered":"Docentes"},"content":{"rendered":"<p>Planos de trabalhos dos docentes, <a href=\"https:\/\/ifrs.edu.br\/ibiruba\/ensino\/professores\/\">clique aqui!<\/a><\/p>\n<p><b>Andrws Aires Vieira<\/b><b><br \/>\n<\/b><span style=\"font-weight: 400;\">Gradua\u00e7\u00e3o em Ci\u00eancia da Computa\u00e7\u00e3o<\/span><span style=\"font-weight: 400;\"><br \/>\n<\/span><span style=\"font-weight: 400;\">Mestrado em Ci\u00eancia da Computa\u00e7\u00e3o<\/span><span style=\"font-weight: 400;\"><br \/>\n<\/span><span style=\"font-weight: 400;\">40h Dedica\u00e7\u00e3o Exclusiva<\/span><span style=\"font-weight: 400;\"><br \/>\n<\/span><span style=\"font-weight: 400;\">andrws.vieira@ibiruba.ifrs.edu.br<\/span><\/p>\n<p><b>\u00c2ngela Teresinha Woschinski de Mamann<\/b><b><br \/>\n<\/b><span style=\"font-weight: 400;\">Gradua\u00e7\u00e3o em Matem\u00e1tica<\/span><span style=\"font-weight: 400;\"><br \/>\n<\/span><span style=\"font-weight: 400;\">Doutorado em Modelagem Matem\u00e1tica<\/span><span style=\"font-weight: 400;\"><br \/>\n<\/span><span style=\"font-weight: 400;\">40h Dedica\u00e7\u00e3o Exclusiva<\/span><span style=\"font-weight: 400;\"><br \/>\n<\/span><span style=\"font-weight: 400;\">angela.mamann@ibiruba.ifrs.edu.br<\/span><\/p>\n<p><b>Ang\u00e9li Cervi Gabbi<\/b><b><br \/>\n<\/b><span style=\"font-weight: 400;\">Licenciatura em Matem\u00e1tica<\/span><span style=\"font-weight: 400;\"><br \/>\n<\/span><span style=\"font-weight: 400;\">Mestrado em Modelagem Matem\u00e1tica<\/span><span style=\"font-weight: 400;\"><br \/>\n<\/span><span style=\"font-weight: 400;\">40h Dedica\u00e7\u00e3o Exclusiva<\/span><span style=\"font-weight: 400;\"><br \/>\n<\/span><span style=\"font-weight: 400;\">angeli.gabbi@ibiruba.ifrs.edu.br<\/span><\/p>\n<p><b>Claudiany Cala\u00e7a de Sousa<\/b><\/p>\n<p><span style=\"font-weight: 400;\">Licenciatura em Computa\u00e7\u00e3o<\/span><span style=\"font-weight: 400;\"><br \/>\n<\/span><span style=\"font-weight: 400;\">Mestrado em Ensino para Educa\u00e7\u00e3o B\u00e1sica<\/span><span style=\"font-weight: 400;\"><br \/>\n<\/span><span style=\"font-weight: 400;\">40h Dedica\u00e7\u00e3o Exclusiva<\/span><span style=\"font-weight: 400;\"><br \/>\n<\/span><span style=\"font-weight: 400;\">claudiany.sousa@ibiruba.ifrs.edu.br<\/span><\/p>\n<p><b>Edimar Manica<\/b><b><br \/>\n<\/b><span style=\"font-weight: 400;\">Gradua\u00e7\u00e3o em Ci\u00eancia da Computa\u00e7\u00e3o<\/span><span style=\"font-weight: 400;\"><br \/>\n<\/span><span style=\"font-weight: 400;\">Doutorado em Ci\u00eancia da Computa\u00e7\u00e3o<\/span><span style=\"font-weight: 400;\"><br \/>\n<\/span><span style=\"font-weight: 400;\">40h Dedica\u00e7\u00e3o Exclusiva<\/span><span style=\"font-weight: 400;\"><br \/>\n<\/span><span style=\"font-weight: 400;\">edimar.manica@ibiruba.ifrs.edu.br<\/span><\/p>\n<p><b>Fernanda Pinto Mota<\/b><\/p>\n<p><span style=\"font-weight: 400;\">Engenharia de Computa\u00e7\u00e3o<\/span><span style=\"font-weight: 400;\"><br \/>\n<\/span><span style=\"font-weight: 400;\">Doutorado em Educa\u00e7\u00e3o em Ci\u00eancias <\/span><span style=\"font-weight: 400;\"><br \/>\n<\/span><span style=\"font-weight: 400;\">40h Dedica\u00e7\u00e3o Exclusiva<\/span><span style=\"font-weight: 400;\"><br \/>\n<\/span><span style=\"font-weight: 400;\">fernanda.mota@ibiruba.ifrs.edu.br<\/span><\/p>\n<p><b>Francinei Rocha Costa<\/b><b><br \/>\n<\/b><span style=\"font-weight: 400;\">Gradua\u00e7\u00e3o em Letras\/Libras<\/span><span style=\"font-weight: 400;\"><br \/>\n<\/span><span style=\"font-weight: 400;\">Mestrado em Lingu\u00edstica 20h<\/span><span style=\"font-weight: 400;\"><br \/>\n<\/span><span style=\"font-weight: 400;\">francinei.costa@ibiruba.ifrs.edu.br<\/span><\/p>\n<p><b>Gabriel Bressan Techio<\/b><b><br \/>\n<\/b><span style=\"font-weight: 400;\">Gradua\u00e7\u00e3o em Ci\u00eancia da Computa\u00e7\u00e3o<\/span><span style=\"font-weight: 400;\"><br \/>\n<\/span><span style=\"font-weight: 400;\">Especializa\u00e7\u00e3o em M\u00eddias na Educa\u00e7\u00e3o<\/span><\/p>\n<p><span style=\"font-weight: 400;\">Especializa\u00e7\u00e3o em Computa\u00e7\u00e3o Forense e Per\u00edcia Digital<\/span><span style=\"font-weight: 400;\"><br \/>\n<\/span><span style=\"font-weight: 400;\">40h Professor Substituto<\/span><span style=\"font-weight: 400;\"><br \/>\n<\/span><span style=\"font-weight: 400;\">gabriel.techio@ibiruba.ifrs.edu.br<\/span><\/p>\n<p><b>Lisiane C\u00e9zar de Oliveira<\/b><b><br \/>\n<\/b><span style=\"font-weight: 400;\">Gradua\u00e7\u00e3o em Inform\u00e1tica<\/span><span style=\"font-weight: 400;\"><br \/>\n<\/span><span style=\"font-weight: 400;\">Mestrado em Ci\u00eancia da Computa\u00e7\u00e3o<\/span><\/p>\n<p><span style=\"font-weight: 400;\">Doutorado em Educa\u00e7\u00e3o<\/span><span style=\"font-weight: 400;\"><br \/>\n<\/span><span style=\"font-weight: 400;\">40h Dedica\u00e7\u00e3o Exclusiva<\/span><span style=\"font-weight: 400;\"><br \/>\n<\/span><span style=\"font-weight: 400;\">lisiane.oliveira@ibiruba.ifrs.edu.br<\/span><\/p>\n<p><b>Luis Claudio Gubert<\/b><b><br \/>\n<\/b><span style=\"font-weight: 400;\">Gradua\u00e7\u00e3o em Inform\u00e1tica<\/span><span style=\"font-weight: 400;\"><br \/>\n<\/span><span style=\"font-weight: 400;\">Mestrado em Ci\u00eancia da Computa\u00e7\u00e3o<\/span><\/p>\n<p><span style=\"font-weight: 400;\">Doutorado em Computa\u00e7\u00e3o Aplicada<\/span><span style=\"font-weight: 400;\"><br \/>\n<\/span><span style=\"font-weight: 400;\">40h Dedica\u00e7\u00e3o Exclusiva<\/span><span style=\"font-weight: 400;\"><br \/>\n<\/span><span style=\"font-weight: 400;\">luis.gubert@ibiruba.ifrs.edu.br<\/span><\/p>\n<p><b>Magda da Silva Pereira<\/b><b><br \/>\n<\/b><span style=\"font-weight: 400;\">Licenciatura em Educa\u00e7\u00e3o Art\u00edstica<\/span><span style=\"font-weight: 400;\"><br \/>\n<\/span><span style=\"font-weight: 400;\">Mestrado em Hist\u00f3ria<\/span><span style=\"font-weight: 400;\"><br \/>\n<\/span><span style=\"font-weight: 400;\">40h Dedica\u00e7\u00e3o Exclusiva<\/span><span style=\"font-weight: 400;\"><br \/>\n<\/span><span style=\"font-weight: 400;\">magda.pereira@ibiruba.ifrs.edu.br<\/span><\/p>\n<p><b>Marso\u00e9 Cristina Dahlke<\/b><b><br \/>\n<\/b><span style=\"font-weight: 400;\">Licenciatura em Matem\u00e1tica<\/span><span style=\"font-weight: 400;\"><br \/>\n<\/span><span style=\"font-weight: 400;\">Mestrado em Modelagem Matem\u00e1tica<\/span><span style=\"font-weight: 400;\"><br \/>\n<\/span><span style=\"font-weight: 400;\">40h Dedica\u00e7\u00e3o Exclusiva<\/span><span style=\"font-weight: 400;\"><br \/>\n<\/span><span style=\"font-weight: 400;\">marsoe.dahlke@ibiruba.ifrs.edu.br<\/span><\/p>\n<p><b>M\u00f4nica Giacomini<\/b><b><br \/>\n<\/b><span style=\"font-weight: 400;\">Licenciatura em Matem\u00e1tica<\/span><span style=\"font-weight: 400;\"><br \/>\n<\/span><span style=\"font-weight: 400;\">Mestrado em Modelagem Matem\u00e1tica<\/span><span style=\"font-weight: 400;\"><br \/>\n<\/span><span style=\"font-weight: 400;\">40h Dedica\u00e7\u00e3o Exclusiva<\/span><span style=\"font-weight: 400;\"><br \/>\n<\/span><span style=\"font-weight: 400;\">monica.giacomini@ibiruba.ifrs.edu.br<\/span><\/p>\n<p><b>Paula Gaida Winch<\/b><b><br \/>\n<\/b><span style=\"font-weight: 400;\">Licenciatura em Letras Portugu\u00eas &#8211; Ingl\u00eas<\/span><span style=\"font-weight: 400;\"><br \/>\n<\/span><span style=\"font-weight: 400;\">Doutorado em Educa\u00e7\u00e3o<\/span><span style=\"font-weight: 400;\"><br \/>\n<\/span><span style=\"font-weight: 400;\">40h Dedica\u00e7\u00e3o Exclusiva<\/span><span style=\"font-weight: 400;\"><br \/>\n<\/span><a href=\"mailto:paula.winch@ibiruba.ifrs.edu.br\"><span style=\"font-weight: 400;\">paula.winch@ibiruba.ifrs.edu.br<\/span><\/a><\/p>\n<p><b>Paulo Henrique Heitor Polon<\/b><span style=\"font-weight: 400;\">\u00a0<\/span><\/p>\n<p><span style=\"font-weight: 400;\">Licenciatura e Bacharelado em Ci\u00eancias Sociais\u00a0<\/span><\/p>\n<p><span style=\"font-weight: 400;\">Mestre em Sociedade, Cultura e Fronteiras\u00a0<\/span><\/p>\n<p><span style=\"font-weight: 400;\">40 Dedica\u00e7\u00e3o Exclusiva\u00a0<\/span><\/p>\n<p><span style=\"font-weight: 400;\">paulo.polon@ibiruba.ifrs.edu.br<\/span><\/p>\n<p><b>Ramone Tramontini<\/b><b><br \/>\n<\/b><span style=\"font-weight: 400;\">Licenciatura em Matem\u00e1tica<\/span><span style=\"font-weight: 400;\"><br \/>\n<\/span><span style=\"font-weight: 400;\">Mestrado em Modelagem Matem\u00e1tica<\/span><span style=\"font-weight: 400;\"><br \/>\n<\/span><span style=\"font-weight: 400;\">40h Dedica\u00e7\u00e3o Exclusiva<\/span><span style=\"font-weight: 400;\"><br \/>\n<\/span><span style=\"font-weight: 400;\">paula.winch@ibiruba.ifrs.edu.br<\/span><\/p>\n<p><b>Rodrigo Lange<\/b><b><br \/>\n<\/b><span style=\"font-weight: 400;\">Gradua\u00e7\u00e3o em Sistemas de Informa\u00e7\u00e3o<\/span><span style=\"font-weight: 400;\"><br \/>\n<\/span><span style=\"font-weight: 400;\">Doutorado em Engenharia de Automa\u00e7\u00e3o e Sistemas<\/span><span style=\"font-weight: 400;\"><br \/>\n<\/span><span style=\"font-weight: 400;\">40h Dedica\u00e7\u00e3o Exclusiva<\/span><span style=\"font-weight: 400;\"><br \/>\n<\/span><span style=\"font-weight: 400;\">rodrigo.lange@ibiruba.ifrs.edu.br<\/span><\/p>\n<p><b>Rodrigo Farias Gama<\/b><b><br \/>\n<\/b><span style=\"font-weight: 400;\">Licenciatura em Matem\u00e1tica<\/span><span style=\"font-weight: 400;\"><br \/>\n<\/span><span style=\"font-weight: 400;\">Mestrado em Ensino de Ci\u00eancias e Matem\u00e1tica<\/span><span style=\"font-weight: 400;\"><br \/>\n<\/span><span style=\"font-weight: 400;\">40h Dedica\u00e7\u00e3o Exclusiva<\/span><span style=\"font-weight: 400;\"><br \/>\n<\/span><span style=\"font-weight: 400;\">rodrigo.gama@ibiruba.ifrs.edu.br<\/span><\/p>\n<p><b>Roger Luis Hoff Lavarda<\/b><b><br \/>\n<\/b><span style=\"font-weight: 400;\">Gradua\u00e7\u00e3o em Ci\u00eancia da Computa\u00e7\u00e3o<\/span><span style=\"font-weight: 400;\"><br \/>\n<\/span><span style=\"font-weight: 400;\">Mestrado em Computa\u00e7\u00e3o Aplicada<\/span><span style=\"font-weight: 400;\"><br \/>\n<\/span><span style=\"font-weight: 400;\">40h Dedica\u00e7\u00e3o Exclusiva<\/span><span style=\"font-weight: 400;\"><br \/>\n<\/span><span style=\"font-weight: 400;\">roger.lavarda@ibiruba.ifrs.edu.br<\/span><\/p>\n<p><b>Ronaldo Serpa da Rosa<\/b><b><br \/>\n<\/b><span style=\"font-weight: 400;\">Gradua\u00e7\u00e3o em Sistemas de Informa\u00e7\u00e3o<\/span><span style=\"font-weight: 400;\"><br \/>\n<\/span><span style=\"font-weight: 400;\">Mestrado em Computa\u00e7\u00e3o Aplicada<\/span><span style=\"font-weight: 400;\"><br \/>\n<\/span><span style=\"font-weight: 400;\">40h Dedica\u00e7\u00e3o Exclusiva<\/span><span style=\"font-weight: 400;\"><br \/>\n<\/span><span style=\"font-weight: 400;\">ronaldo.serpa@ibiruba.ifrs.edu.br<\/span><\/p>\n<p><b>Silvani Lopes Lima<\/b><\/p>\n<p><span style=\"font-weight: 400;\">Gradua\u00e7\u00e3o em Letras Licenciatura Plena<\/span><\/p>\n<p><span style=\"font-weight: 400;\">Mestrado em Letras &#8211; Estudos Liter\u00e1rios<\/span><\/p>\n<p><span style=\"font-weight: 400;\">Doutorado em Letras<\/span><span style=\"font-weight: 400;\"><br \/>\n<\/span><span style=\"font-weight: 400;\">40h Dedica\u00e7\u00e3o Exclusiva<\/span><span style=\"font-weight: 400;\"><br \/>\n<\/span><span style=\"font-weight: 400;\">silvani.lima@ibiruba.ifrs.edu.br<\/span><\/p>\n<p><b>Tiago Rios da Rocha<\/b><b><br \/>\n<\/b><span style=\"font-weight: 400;\">Gradua\u00e7\u00e3o em Sistemas de Informa\u00e7\u00e3o<\/span><span style=\"font-weight: 400;\"><br \/>\n<\/span><span style=\"font-weight: 400;\">Mestrado em Ci\u00eancia da Computa\u00e7\u00e3o<\/span><span style=\"font-weight: 400;\"><br \/>\n<\/span><span style=\"font-weight: 400;\">40h Dedica\u00e7\u00e3o Exclusiva<\/span><span style=\"font-weight: 400;\"><br \/>\n<\/span><span style=\"font-weight: 400;\">tiago.rios@ibiruba.ifrs.edu.br<\/span><\/p>\n","protected":false},"excerpt":{"rendered":"<p>Planos de trabalhos dos docentes, clique aqui! Andrws Aires Vieira Gradua\u00e7\u00e3o em Ci\u00eancia da Computa\u00e7\u00e3o Mestrado em Ci\u00eancia da Computa\u00e7\u00e3o 40h Dedica\u00e7\u00e3o Exclusiva andrws.vieira@ibiruba.ifrs.edu.br \u00c2ngela Teresinha Woschinski de Mamann Gradua\u00e7\u00e3o em Matem\u00e1tica Doutorado em Modelagem Matem\u00e1tica 40h Dedica\u00e7\u00e3o Exclusiva angela.mamann@ibiruba.ifrs.edu.br Ang\u00e9li Cervi Gabbi Licenciatura em Matem\u00e1tica Mestrado em Modelagem Matem\u00e1tica 40h Dedica\u00e7\u00e3o Exclusiva angeli.gabbi@ibiruba.ifrs.edu.br Claudiany [&hellip;]<\/p>\n","protected":false},"author":1,"featured_media":0,"parent":0,"menu_order":6,"comment_status":"closed","ping_status":"closed","template":"","meta":{"footnotes":""},"class_list":["post-10","page","type-page","status-publish","hentry"],"_links":{"self":[{"href":"https:\/\/inf.ibiruba.ifrs.edu.br\/index.php\/wp-json\/wp\/v2\/pages\/10","targetHints":{"allow":["GET"]}}],"collection":[{"href":"https:\/\/inf.ibiruba.ifrs.edu.br\/index.php\/wp-json\/wp\/v2\/pages"}],"about":[{"href":"https:\/\/inf.ibiruba.ifrs.edu.br\/index.php\/wp-json\/wp\/v2\/types\/page"}],"author":[{"embeddable":true,"href":"https:\/\/inf.ibiruba.ifrs.edu.br\/index.php\/wp-json\/wp\/v2\/users\/1"}],"replies":[{"embeddable":true,"href":"https:\/\/inf.ibiruba.ifrs.edu.br\/index.php\/wp-json\/wp\/v2\/comments?post=10"}],"version-history":[{"count":21,"href":"https:\/\/inf.ibiruba.ifrs.edu.br\/index.php\/wp-json\/wp\/v2\/pages\/10\/revisions"}],"predecessor-version":[{"id":3570,"href":"https:\/\/inf.ibiruba.ifrs.edu.br\/index.php\/wp-json\/wp\/v2\/pages\/10\/revisions\/3570"}],"wp:attachment":[{"href":"https:\/\/inf.ibiruba.ifrs.edu.br\/index.php\/wp-json\/wp\/v2\/media?parent=10"}],"curies":[{"name":"wp","href":"https:\/\/api.w.org\/{rel}","templated":true}]}}